r of h and o?
3
Suppose -4*m - 5*c = -460, 2*m + 106 = 3*m - c. What is the greatest common factor of m and 44?
22
Suppose -280 = -f - 4*f. Suppose f - 11 = q. What is the highest common factor of 9 and q?
9
Let t be 0/(2 + 3 + -3). Suppose -448 = -4*n - t*n. Calculate the greatest common divisor of 16 and n.
16
Let x(c) = -21*c + 3. Let l be x(-3). Let d(i) = i**2 - 4*i - 15. Let k be d(7). Calculate the highest common divisor of k and l.
6
Suppose -32 = 3*n - 7*n. Let i(x) = x**3 + 3*x - 2. Let g be i(2). Calculate the highest common divisor of n and g.
4
Let c(o) = -4*o - 18. Let r be c(-16). What is the greatest common divisor of r and 23?
23
Let u be (21/(-6) + 3)*-6. Suppose u*p + 57 = 6*p. Calculate the highest common factor of 171 and p.
19
Let y = 37 + 1. Calculate the highest common factor of y and 19.
19
Let d(z) = -z + 2. Let t be d(-2). Let h(m) = m**2 - 2*m + 5. Let i be h(t). Calculate the greatest common factor of i and 39.
13
Suppose -z = 3*z - 28. Let l(u) = u**3 - 2*u**2 - 9*u - 1. Let w be l(-2). Calculate the greatest common divisor of z and w.
1
Let z(h) = h**3 + 10*h**2 - 11*h - 2. Let n be z(-11). Let b(c) = 6*c**2. Let m be b(n). Calculate the highest common factor of 72 and m.
24
Let p(d) = 10*d**2 + 2*d + 3. Let y be p(4). Suppose 2*t - 2*k = -3*k + 36, -2*t = 4*k - 30. Calculate the greatest common divisor of y and t.
19
Let c be 1*(1 + -2) + -3. Let i(u) = -u**3 - 3*u**2 + 3*u + 5. Let n be i(c). Calculate the highest common divisor of n and 18.
9
Let j(s) = 4*s**3 - 4 + 4*s - 3*s**3 - 4*s**2 + 1 + s. Let v be j(3). Calculate the greatest common divisor of v and 9.
3
Suppose 0 = 3*o - o + 2*k - 20, 2*o = -5*k + 14. Suppose 5*v = v + o. What is the highest common divisor of v and 27?
3
Let g = 14 - -9. Let x = 241 - 57. What is the highest common factor of x and g?
23
Let v = 6 - 13. Let z be v + 1*(-3)/3. Let d = z - -13. What is the greatest common divisor of d and 5?
5
Let d = 120 + -64. What is the highest common factor of d and 8?
8
Let m = -4 + -1. Let b = m + 7. What is the greatest common divisor of 3 and b?
1
Let j be (-205)/7 + 14/49. Let d = j - -43. Let c = d + -6. Calculate the greatest common factor of c and 56.
8
Suppose 0 = -3*d + 5*p + 87, 3*d + p - 21 = 2*d. Calculate the highest common factor of d and 36.
12
Suppose -7*x + 29 + 307 = 0. Calculate the greatest common divisor of x and 12.
12
Let k(p) be the first derivative of p**2/2 + 11*p - 2. Let h be k(-7). Suppose 2*a + 220 = h*a. Calculate the greatest common factor of a and 10.
10
Let g = 98 - -7. Calculate the greatest common factor of g and 42.
21
Let w be 1 + (0/2 - -2) + -1. What is the greatest common factor of 3 and w?
1
Let s(l) be the second derivative of 4*l**3/3 + 2*l. Let h be s(-1). Let o be ((-28)/h)/((-1)/(-2)). Calculate the highest common divisor of 35 and o.
7
Let u be -1*(-2 - (4 - 1)). Suppose 6*o - u*o = 15. Let m = -13 + 58. Calculate the highest common factor of m and o.
15
Let f(z) = -z**3 - 10*z**2 + 6. Let m be (-33)/(-1 - -4) + 1. Let d be f(m). Calculate the greatest common factor of 54 and d.
6
Suppose 18 = -4*q - n + 6, -2*q = 5*n + 6. Let j = 11 + q. Let l be (j - 2)/((-1)/(-3)). What is the greatest common factor of l and 27?
9
Suppose -2*w + 3*n + 223 = 0, -3*w - 4*n = -209 - 83. Calculate the highest common divisor of w and 13.
13
Let v(k) = k + 5. Let n be v(8). Let r be 3996/28 + (-4)/(-14). What is the greatest common divisor of n and r?
13
Let y = -17 - -10. Let a be ((-4)/7)/(2/y). Suppose 4 = 2*x + a. What is the greatest common factor of x and 4?
1
Suppose 3*i + 15 = 6*i. Suppose u + 3*u - 6 = -3*j, i*u - 25 = 5*j. Let n = 5 + u. What is the greatest common factor of n and 80?
8
Let k be (-4)/(-6) - 2094/(-18). What is the highest common factor of 13 and k?
13
Let m be 1/(-3) - (-65)/15. Suppose -m = n - 3*n. Suppose -n*f + 44 = 2*f. Calculate the greatest common factor of f and 55.
11
Let f(l) = 2*l**2 - 4*l - 1. Let g be f(3). Suppose g*k = 4*u + 145, 5*k + 0*u = 3*u + 140. What is the greatest common divisor of k and 10?
5
Suppose c - 208 = 5*c. Let a = c - -121. Calculate the greatest common factor of a and 23.
23
Let u = 27 - 125. Let y = -52 - u. Suppose y = 5*t + 11. Calculate the greatest common divisor of 1 and t.
1
Let h(b) = b**2 - 2*b - 8. Let z be h(5). What is the greatest common factor of 35 and z?
7
Suppose 0*l + 12 = 5*b + 2*l, b = -l + 3. What is the highest common divisor of b and 10?
2
Suppose -4*z + 26 = -202. Let t(u) = 2*u**2 + 3*u + 17. Let p be t(-7). Let b = p + -56. Calculate the highest common factor of z and b.
19
Suppose 0 = -g - 3*s + 9, -s + 3 + 0 = -5*g. Suppose -b = -g*b - 13. Let p = 22 - b. Calculate the greatest common divisor of 63 and p.
9
Suppose 2*h - 7*h + 10 = -2*z, -5*z + 3*h + 13 = 0. Suppose 270 = z*d - 290. Calculate the greatest common factor of d and 14.
14
Let s(x) = -x**3 + 9*x**2 + x - 11. Let l be s(9). Let k = -4 - l. Let f be ((-7)/k*-2)/(-1). Calculate the highest common divisor of f and 7.
7
Let j be (15*4/12)/1. What is the greatest common divisor of j and 5?
5
Let d(p) = p**2 - 2*p - 4. Let z be d(4). Suppose 0*q = -z*q + 24. Let o = q + -1. Calculate the highest common divisor of o and 40.
5
Suppose 4*k - 5 - 3 = 0, -5*y + 24 = -3*k. Suppose 4*u = -j + 13, 0 = 3*u - 4*j - 7 + 21. Suppose -u*p = -p - y. Calculate the highest common factor of 6 and p.
6
Let k(f) = -6*f + 57. Let m be k(5). What is the highest common divisor of 18 and m?
9
Suppose 5*f - 65 - 5 = 0. Let s(c) = 5*c**2 + 86*c + 45. Let q be s(-17). What is the highest common factor of q and f?
14
Suppose 4*w - 13 = 551. Suppose -3*q = 2*t + t - w, 2*t - q = 103. What is the greatest common factor of 75 and t?
25
Let k(j) = -13*j**3 + j**2 - j + 1. Let n be k(1). Let v = -18 - n. Let p(y) = -y**2 - 9*y - 3. Let f be p(v). What is the highest common divisor of f and 60?
15
Let r be (1/(-1) + 28)/(-3 + 4). What is the highest common factor of r and 18?
9
Let y be 40/((-8)/((-8)/2)). Let r = 25 - y. Calculate the highest common divisor of r and 40.
5
Suppose -4*w + 76 = -0*w. Let i(r) = r**2 - 6*r + 1. Let o be i(7). Suppose o + 11 = c. What is the greatest common divisor of c and w?
19
Suppose 0 = -2*f - 2*x + 58, -2*x + 49 - 119 = -2*f. What is the highest common divisor of 80 and f?
16
Let r(k) = k - 2. Let o be r(8). What is the highest common factor of o and 2?
2
Let p = -11 - -18. Let g(q) = q**3 - 2*q**2 - 2*q + 4. Let x = -13 + 16. Let l be g(x). Calculate the greatest common divisor of p and l.
7
Let r(k) = 7*k**2 + 7*k. Let g be r(6). Calculate the greatest common factor of g and 42.
42
Let l be (1 + -2)*-2*8. Calculate the highest common factor of 8 and l.
8
Let f = -329 + 609. What is the greatest common divisor of 35 and f?
35
Let c(q) = 1 + 1 + 0*q - 2*q. Let u be c(-4). Let o be 1/(-2) - 442/(-4). Calculate the highest common divisor of o and u.
10
Suppose 3*m = -17 - 4. Let t = -3 - m. Suppose -z = 6 - 26. Calculate the greatest common divisor of t and z.
4
Let x = 2 + 4. Let j(s) = -31*s + 9. Let r be j(x). Let d = -96 - r. What is the greatest common divisor of 27 and d?
27
Suppose 0 = y - h - 67, -2*y = h + h - 118. Suppose 2*j + j = y. What is the greatest common divisor of j and 14?
7
Let b be ((-5)/(-15))/(2/30). Let r(v) = v**3 - 4*v**2 - 5*v + 3. Let i be r(6). Calculate the greatest common factor of i and b.
5
Let x(u) = u - 1. Let p = 13 - 7. Let y be x(p). What is the highest common divisor of y and 35?
5
Let g be -3*(16/(-6) - 3). Calculate the highest common divisor of g and 17.
17
Suppose -3*c + 5*c - 56 = 0. Calculate the greatest common divisor of c and 28.
28
Let m(l) be the first derivative of -l**4/4 - 4*l**3/3 - l**2/2 + 2*l - 1. Let c = -11 + 7. Let p be m(c). Calculate the greatest common divisor of p and 15.
3
Suppose 0 = 7*s - 3*s + 32. Let j be 108/(-8)*s/6. What is the greatest common factor of j and 108?
18
Let j be (-42)/14*88/(-3). Calculate the highest common factor of j and 44.
44
Let u = 104 + -103. Calculate the greatest common factor of u and 1.
1
Let s = -42 + 52. What is the highest common divisor of s and 5?
5
Let r = 368 - 233. Calculate the highest common divisor of r and 15.
15
Suppose 0 = 3*o + 5*v - 388, -5*o + v + 96 = -588.